 the hundreds digit of b?
1
Suppose -4*z + 29 = -4*w + 1, -4*z - 4*w - 4 = 0. Let h be (-1 - 0)/((-1)/17). Suppose h = g + z. What is the units digit of g?
4
Let p(i) be the third derivative of i**5/60 + i**4/4 + i**3/3 + i**2. Let b be p(-5). Let z(k) = -k**3 - 3*k**2 - 5*k - 4. What is the units digit of z(b)?
1
Suppose 4*x + 12 = -4*n, x + x = 2*n + 10. Let l = x - 2. Let m = l - -5. What is the units digit of m?
4
Let g = -166 - -246. What is the units digit of g?
0
Suppose 87 = 3*f - 123. Let s = f - 45. What is the tens digit of s?
2
Let g = 54 - 29. Suppose 0*f - 10 = -2*t + 4*f, 3*f - g = -t. What is the units digit of t?
3
Suppose 3*v - 5 = 7. Suppose v*h = -5*k + 115 - 8, 4*k + 20 = 0. What is the tens digit of h?
3
Let d be (18/4)/(10/20). Let a = 9 + d. What is the tens digit of a?
1
Let d(y) = 6*y + 5 + 4 - 5 - y**2 - 1. Let b be d(6). Suppose 0 = b*x + x - 48. What is the units digit of x?
2
Let j(u) = u**3 - u**2 - 5*u + 3. What is the units digit of j(3)?
6
Suppose 0 = -g - 4*g + 2*d + 10, 4*g - 8 = d. Let c be (-2)/9 + (-272)/(-9). Suppose -g*x + c = x. What is the tens digit of x?
1
Let n = -7 - -40. What is the tens digit of n?
3
Suppose -8*l - 720 = -4*v - 9*l, -3*v + 529 = -2*l. What is the tens digit of v?
7
Let h(o) = -16*o - 5. What is the tens digit of h(-3)?
4
Let k(w) = w**3 + 4*w**2 + 3*w + 2. Let p(v) = 3*v + 1. Let z be p(-1). Let u be k(z). Suppose u*c + q - 14 = 3*c, -10 = -c + q. What is the units digit of c?
2
Suppose 0*g + 36 = 3*h - g, 2*g = -3*h + 45. What is the tens digit of h?
1
Let w(z) = -z**3 + 16*z**2 - 11*z - 2. What is the units digit of w(7)?
2
Let s(m) = m**3 - 7*m**2 - 5*m - 9. What is the units digit of s(8)?
5
Let i(q) be the first derivative of q**4/4 - 8*q**3/3 + 3*q**2 - 6*q - 4. What is the units digit of i(8)?
2
Let p(g) = -g**2 + g. Let m(o) = -4*o**3 + 3*o**2 - 4*o. Let t(x) = m(x) + 5*p(x). Let r be t(1). Let u(v) = v + 12. What is the units digit of u(r)?
7
Suppose -3*v + 7*v - 24 = 0. What is the units digit of v?
6
Suppose -2*j = 4, -j + 102 = 4*x + 4*j. Let m = x + -20. What is the units digit of m?
8
Suppose 4*j = -2*i + 18, 0 = -j + 3*j + 5*i - 21. Suppose -5*q = 0, j*q - 9 = -2*o - 1. What is the units digit of o?
4
Let s be (0 + -2)*20/8. Let i = s - -12. Let o(z) = -z + 9. What is the units digit of o(i)?
2
Let x(h) = 6*h**3 - 6*h**2 - 3*h - 4 + 2*h**3 - 9*h**3. What is the tens digit of x(-6)?
1
Let m = 154 - 84. What is the units digit of m?
0
Let x(b) be the second derivative of b**4/12 - b**3 - b**2 + 4*b. What is the tens digit of x(-4)?
3
Suppose 5*k + m - 451 = k, 2*k - 3*m = 215. What is the units digit of k?
2
Let c be 1/(-1) - (-12 + -1). Let u be 19/(2/(1 - -1)). Let n = u - c. What is the units digit of n?
7
Suppose 4*z = -0*z + 16. Suppose l - 3*g - 1 = -0*l, -z*l = g - 30. What is the units digit of l?
7
Suppose 0*a = 3*a. Suppose a = 3*q - 6*q + 117. What is the tens digit of q?
3
Suppose -a = -4*t - 21, -a + 2*a - 2*t - 13 = 0. Suppose -5*n - 3*w = -n - 71, -29 = -2*n + a*w. Suppose -5*y + n = -8. What is the units digit of y?
5
Let f(a) = 4*a**3 - 10*a**2 - 5*a + 22. What is the hundreds digit of f(5)?
2
Suppose v = -v + 2*r, 14 = 3*v + 4*r. Let c(o) be the first derivative of o**4/2 - 2*o**3/3 + 2*o**2 - 2*o + 3. What is the tens digit of c(v)?
1
Suppose -45 = -s - 0. What is the tens digit of s?
4
Let i be (-1)/((-1)/(-6))*-2. Let v be ((-2)/(-3))/((-38)/(-171)). Suppose v*g + g = i. What is the units digit of g?
3
Let h = 21 - -4. Suppose -2*k = -n - 11, -4*n + 1 - h = -3*k. What is the units digit of k?
4
Suppose -2*r + 2 = 2*q, -r + 2*r - 3 = 0. Let w(j) be the first derivative of j**3 + 2*j**2 + 2*j - 4. What is the units digit of w(q)?
6
Suppose -3*w + 5*w = 48. Suppose 2*o + w = -2*o. Let m = o - -7. What is the units digit of m?
1
Let w(u) = 2*u**2 - 4*u + 2. Let x be w(3). Suppose 5*n = 5*f, n - x = 2*n - 3*f. Let y = 13 - n. What is the units digit of y?
9
Let t be 1 - -2 - 33/(-1). Suppose 6*r - t = 2*r. What is the units digit of r?
9
Suppose -w - 2*w + 42 = 0. Let d = -7 + w. What is the units digit of d?
7
Let v(m) = -2*m - 1. What is the tens digit of v(-15)?
2
Let z(r) = -r**3 + 5*r - 4. Suppose -15 = -8*n + 3*n. Let a be z(n). What is the units digit of a/(-4)*(3 + -1)?
8
Suppose 2*i = 3*x - 5, 2*x - 45 = -4*i - 3*x. What is the units digit of i?
5
Suppose -n - 6 + 3 = 0. Let y be n/2 + 9/2. Suppose 27 = 4*r + y. What is the units digit of r?
6
Let l be (-3)/2*70/(-3). Suppose -3*q = -k + 27, -k + l = -0*k - q. What is the tens digit of k?
3
Suppose 2*k = -0*k + 64. Let j = -18 + k. What is the units digit of j?
4
Let a(c) = -c**3 - 5*c**2 + 4*c - 6. Let x(k) = k**3 + 5*k**2 - 5*k + 5. Let j(v) = 3*a(v) + 2*x(v). Suppose -3*s - 17 - 1 = 0. What is the tens digit of j(s)?
1
Suppose -4 = 2*c + 6, 5*x - 910 = -5*c. What is the hundreds digit of x?
1
Let l(h) = -h + 7. Let j be l(5). Let b be 2 + (2 - j) - -2. Suppose b*t - t - 24 = 0. What is the units digit of t?
8
Let h(g) = -6*g**3 + 2*g**2 + 2*g + 1. Let a be h(-1). Let p = -4 + a. Suppose c + p = 0, -q + c + 7 + 1 = 0. What is the units digit of q?
5
Let s = 45 - -2. What is the units digit of s?
7
Suppose -2*a + 2 = -4*a. Let g(m) be the third derivative of -m**6/24 + m**5/60 - m**4/24 - m**3/6 - m**2. What is the units digit of g(a)?
6
What is the units digit of (-22)/(1 + (-9)/3)?
1
Let u = 118 + -83. What is the tens digit of u?
3
Let i be (-22)/(-6) + 16/12. Suppose -i*u - 32 = -162. What is the tens digit of u?
2
Suppose -3*i + 4*i = -a + 10, 3*i = -4*a + 32. Let l(t) = t**3 - 9*t**2 + 6*t. Let z be l(i). What is the units digit of (z/20)/(1/(-5))?
4
Suppose 2*m - 160 = -3*m. What is the tens digit of m?
3
Let f = 3 - 2. Suppose 0 = k - r - f, 4 = -5*k - r + 9. Suppose -k = a - 7. What is the units digit of a?
6
Let n = 104 - 62. What is the tens digit of n?
4
Let t(c) = c**2 + c - 4. What is the units digit of t(-3)?
2
Let n = -21 + 13. Let a = n + 21. What is the tens digit of a?
1
What is the units digit of (-6 - -23)*(4 + -1)?
1
Let t(b) be the first derivative of -b**2 - 5*b - 4. Let m = 2 + -6. What is the units digit of t(m)?
3
Let a be ((-52)/39)/(4/(-6)). Suppose -3*s = -8*s + 40. Suppose a*f + s = 4*f. What is the units digit of f?
4
Let b(x) = -10*x**3 - 2*x**2 + x + 2. Suppose 4*m + 8 = -2*q, -3*q + m - 5*m = 10. Let t be b(q). What is the units digit of ((-2)/6)/((-3)/t)?
8
Let b(w) = -2*w**2 + w**2 - 3*w - 3*w. Let k be b(-3). Let s = -6 + k. What is the units digit of s?
3
Suppose 13 = 2*r - 25. Let j be (-2)/((-1)/(-6) + 0). Let a = j + r. What is the units digit of a?
7
Let l(q) = -78*q. What is the units digit of l(-1)?
8
Let l be (4 + -2)*(23 - 4). Suppose z + q + q = l, 3*z - q - 100 = 0. What is the tens digit of z?
3
Suppose -3*o = -2*x - 1 + 51, -5*x = o + 45. Let d = o - -31. What is the tens digit of d?
1
Suppose 0*g = 4*g + 16. Let f be (-1)/(1/g*1). Suppose 4 = 2*m - f. What is the units digit of m?
4
Let o(n) = -5*n + 8. Let d be o(-8). Suppose 7*z = 4*z + d. What is the tens digit of z?
1
Let c(d) = d**2 + d + 2. Let s be c(-2). Suppose -s*r + 2*r + 20 = 0. What is the units digit of r?
0
Let c = -9 - -11. What is the tens digit of 11 - (5 - c) - -2?
1
Suppose -u - 44 = -5*u. Suppose -3*h + u - 5 = 0. What is the units digit of h?
2
Suppose -f - 2*b = -7*b - 13, -4*f = 3*b - 6. Suppose -2*n = -f*n + 7. Suppose -z + 15 - n = 0. What is the units digit of z?
8
Suppose -o + 4 = 3*z - 3*o, -4*o - 4 = -4*z. Suppose -z*w + 10 = 4*i - 4, -12 = -2*i - 2*w. What is the units digit of i?
1
Suppose 4*v + 5*s - 36 = -11, 0 = -4*v + 5*s + 15. Let a be ((-6)/(-18))/(1/9). Suppose r + 5 = 2*u, 0 = -4*u - a*r - 0 - v. What is the units digit of u?
1
Suppose -6 = -n + 10. What is the tens digit of n?
1
Let f(x) be the third derivative of x**5/60 + x**4/8 - 5*x**3/6 + 2*x**2. Let a = -20 + 15. What is the units digit of f(a)?
5
Suppose 2*g - 10 = -3*a + 6*g, a + 5*g = -3. Suppose -f = -3*i + 2 + 5, -i = -3*f + 11. Let o = i - a. What is the units digit of o?
2
Let p be ((-4)/(-3))/(2/18). Suppose 0*y = 2*y + 14. Let m = y + p. What is the units digit of m?
5
Suppose -4*n + 200 = -760. What is the tens digit of n?
4
Suppose 5*g = -3*v + 140, 56 = -4*v + 3*g + 204. What 